991
What is the highest common factor of 894016 and 81344?
64
Calculate the highest common divisor of 95 and 71459.
19
What is the greatest common divisor of 44640 and 192?
96
What is the highest common divisor of 46957646 and 1068?
178
Calculate the highest common divisor of 56353648 and 832.
208
Calculate the greatest common factor of 39772 and 51484.
244
Calculate the highest common factor of 1067024 and 21504.
112
Calculate the greatest common factor of 14124 and 1321985.
107
Calculate the greatest common factor of 16754220 and 72.
36
What is the greatest common divisor of 265 and 40625?
5
What is the highest common divisor of 13262 and 188252?
38
Calculate the highest common factor of 10 and 9028346.
2
What is the greatest common divisor of 980095 and 5697?
211
Calculate the highest common factor of 7999799 and 346985.
2393
Calculate the highest common factor of 432 and 38196333.
27
What is the highest common divisor of 351 and 369063?
27
Calculate the highest common factor of 18600745 and 815.
815
What is the highest common divisor of 400 and 976824?
8
What is the highest common factor of 147433969 and 3551?
3551
Calculate the highest common divisor of 596 and 319652.
4
What is the highest common factor of 557029 and 82048?
641
What is the greatest common factor of 329846 and 14278?
242
What is the greatest common divisor of 12032807 and 74?
37
Calculate the highest common factor of 657956 and 104.
52
Calculate the highest common factor of 126231 and 11865.
21
Calculate the highest common factor of 56736 and 753525.
1773
Calculate the greatest common factor of 8041 and 25945942.
473
Calculate the greatest common factor of 289 and 46535936.
289
What is the highest common divisor of 23068386 and 1386?
198
What is the highest common factor of 44576 and 2113888?
224
What is the highest common factor of 459 and 138155022?
153
What is the greatest common divisor of 1863567 and 2241?
27
Calculate the greatest common factor of 284 and 3427525.
71
Calculate the highest common divisor of 10579 and 109056.
71
What is the greatest common divisor of 4034436 and 8092?
28
Calculate the greatest common divisor of 3050249 and 2445164.
3103
Calculate the highest common factor of 34431 and 31860651.
1497
What is the greatest common divisor of 3520 and 1427624?
88
What is the greatest common factor of 4490416 and 4816?
112
What is the greatest common divisor of 1953683 and 1915?
383
Calculate the highest common factor of 6986980 and 429.
143
What is the greatest common factor of 402 and 18192711?
201
What is the greatest common divisor of 3143 and 46662?
7
Calculate the highest common divisor of 14418 and 149769.
81
What is the highest common factor of 27540940 and 785?
785
Calculate the highest common factor of 19489024 and 704.
64
What is the highest common divisor of 2376 and 3662712?
216
What is the greatest common factor of 2402356 and 352?
44
Calculate the greatest common divisor of 3239584 and 48.
16
What is the greatest common factor of 4190 and 151967110?
4190
Calculate the greatest common factor of 25455 and 12213309.
5091
Calculate the highest common factor of 29887 and 109967.
143
What is the highest common factor of 27 and 222657057?
9
What is the greatest common divisor of 3451 and 7140?
119
What is the greatest common divisor of 187605470 and 90?
10
Calculate the highest common factor of 1082 and 7263466.
1082
What is the highest common divisor of 3715083 and 402?
201
Calculate the greatest common divisor of 299546 and 3843799.
281
Calculate the greatest common factor of 16511 and 2236134263.
16511
What is the highest common divisor of 26428723 and 615?
41
Calculate the greatest common divisor of 95808 and 111.
3
What is the greatest common factor of 376 and 1046592?
8
What is the greatest common divisor of 72447 and 101897?
589
What is the greatest common divisor of 426811 and 6633?
11
Calculate the greatest common divisor of 1184343 and 126389.
211
Calculate the highest common divisor of 125720 and 86380.
140
What is the greatest common factor of 621845 and 2393531?
763
What is the highest common factor of 82278163 and 5357?
5357
What is the highest common factor of 50825 and 1467505?
535
Calculate the greatest common factor of 7936825 and 3640.
65
What is the greatest common factor of 4757018 and 154?
14
Calculate the highest common divisor of 3573609 and 429.
39
Calculate the highest common factor of 370935 and 9720.
45
What is the greatest common divisor of 13569597 and 144?
9
What is the highest common divisor of 583 and 30591?
11
What is the highest common factor of 130217032 and 200?
8
Calculate the greatest common factor of 16842952 and 4.
4
What is the highest common divisor of 14686050 and 855?
285
Calculate the highest common divisor of 1283633 and 18089149.
4381
Calculate the greatest common divisor of 851189 and 68759.
2371
What is the highest common factor of 15635686 and 34?
2
What is the greatest common factor of 1324113 and 2142?
357
Calculate the highest common factor of 80660244 and 6384.
1596
What is the greatest common divisor of 1273756 and 143?
11
Calculate the greatest common divisor of 3 and 54551821.
1
What is the greatest common divisor of 9 and 59121?
9
What is the highest common factor of 11661805 and 10580?
2645
What is the greatest common factor of 212656335 and 127245?
7485
Calculate the highest common divisor of 231 and 290271.
3
What is the highest common factor of 712274970 and 14778?
4926
What is the greatest common factor of 12232566 and 1262?
1262
What is the greatest common divisor of 110 and 75695?
5
What is the highest common factor of 399573 and 3429?
27
What is the greatest common factor of 37807 and 170220862?
3437
Calculate the greatest common divisor of 40704 and 2446586.
106
What is the greatest common divisor of 3527604 and 5280?
12
Calculate the greatest common divisor of 2661109 and 44.
11
What is the highest common factor of 43776 and 54236160?
2304
Calculate the highest common divisor of 227589170 and 40315.
3665
What is the greatest common factor of 108867 and 2112?
33
Calculate the highest common factor of 90 and 2803167630.
90
What is the greatest common divisor of 144974539 and 573?
191
What is the highest common divisor of 2084 and 91704?
4
Calculate the highest common factor of 41909403 and 9.
3
Calculate the greatest common divisor of 43255 and 830285.
1055
What is the greatest common factor of 8128 and 20740352?
64
What is the greatest common factor of 72 and 26651277?
9
What is the highest common factor of 527292 and 150396?
1812
Calculate the greatest common divisor of 12778 and 790.
2
Calculate the greatest common factor of 9 and 131132367.
9
What is the highest common factor of 31788 and 2772620?
3532
What is the greatest common factor of 114 and 3271872?
6
What is the greatest common divisor of 2053026 and 32913?
621
What is the greatest common divisor of 51130 and 2570?
10
Calculate the highest common factor of 1747280850 and 266.
266
What is the greatest common factor of 62 and 28327862?
62
Calculate the highest common divisor of 11362 and 905372.
598
What is the highest common divisor of 168 and 442974252?
84
Calculate the greatest common divisor of 294125 and 5315375.
1625
Calculate the greatest common factor of 3431 and 2263949.
73
What is the greatest common factor of 21214480 and 301?
301
What is the greatest common divisor of 2056 and 4096?
8
Calculate the greatest common divisor of 624 and 7188087.
3
Calculate the greatest common divisor of 1492 and 320860.
4
Calculate the highest common factor of 17885 and 7017045.
245
Calculate the highest common divisor of 4992 and 3598752768.
4992
Calculate the highest common factor of 361270645 and 68050.
6805
What is the highest common factor of 10462660 and 20?
20
What is the highest common factor of 530 and 67725520?
530
Calculate the greatest common factor of 76013376 and 1072.
1072
Calculate the highest common factor of 30281 and 854377.
283
What is the highest common divisor of 8265274 and 64?
2
Calculate the highest common factor of 952 and 1007888.
56
What is the greatest common divisor of 22125825 and 125?
25
What is the greatest common divisor of 1340764941 and 8271?
2757
What is the greatest common divisor of 52542